n base 6, what is -343514 - 2?
-343520
In base 11, what is -145 + 1?
-144
In base 13, what is -11 - 27?
-38
In base 16, what is -3 + -5f?
-62
In base 2, what is -1010101011111101 + 0?
-1010101011111101
In base 7, what is -3 - -22326?
22323
In base 4, what is -121123 + 2?
-121121
In base 11, what is -267 + 2?
-265
In base 2, what is -1000 - -1001010?
1000010
In base 16, what is 1f0 + -1?
1ef
In base 7, what is -4 - -13?
6
In base 16, what is -5 - 47?
-4c
In base 2, what is -1011 - -100?
-111
In base 11, what is -67 - -56?
-11
In base 11, what is -1675 + -8?
-1682
In base 10, what is -2 + -15?
-17
In base 16, what is -800 - -4?
-7fc
In base 12, what is -25 - 46?
-6b
In base 4, what is 1 + 2311?
2312
In base 5, what is -223 + -23?
-301
In base 14, what is 5 + -13?
-c
In base 15, what is -9a + 3?
-97
In base 10, what is -2 - 80?
-82
In base 9, what is -101 + 2?
-88
In base 12, what is -46 + -3?
-49
In base 10, what is -1394 + -4?
-1398
In base 15, what is 5 + -106c?
-1067
In base 8, what is -3 - -2051?
2046
In base 2, what is -10101 - 111011011?
-111110000
In base 11, what is 648 - 16?
632
In base 15, what is -8 + -4da?
-4e3
In base 3, what is -11111020 + 10?
-11111010
In base 12, what is 67a + 0?
67a
In base 5, what is 114224 - 0?
114224
In base 11, what is -4 + -21?
-25
In base 2, what is 101 - 1000010100?
-1000001111
In base 10, what is -6 + 8?
2
In base 8, what is 101 + -10?
71
In base 6, what is -2045 - 30?
-2115
In base 15, what is 192 - -2?
194
In base 11, what is -a + 10?
1
In base 4, what is -2121220 + -10?
-2121230
In base 4, what is -110 - 22?
-132
In base 16, what is -1a + 1d?
3
In base 2, what is -10011011 + -111001?
-11010100
In base 9, what is 12 + 3?
15
In base 13, what is -5 - 27?
-2c
In base 3, what is -1000 + 1121?
121
In base 14, what is -148 - -8?
-140
In base 2, what is 1001111 - -100?
1010011
In base 3, what is 0 + 102?
102
In base 16, what is -f + -1d?
-2c
In base 3, what is 12210 - -1?
12211
In base 13, what is 44 + 38?
7c
In base 16, what is -1 - -43?
42
In base 8, what is -234 + -2?
-236
In base 2, what is -101110 - -1111?
-11111
In base 3, what is -100000210 - 1?
-100000211
In base 4, what is -3103 + 2?
-3101
In base 3, what is 2222 + -21?
2201
In base 15, what is -3 - b4?
-b7
In base 12, what is 3 - -149?
150
In base 14, what is -1 + 1a9?
1a8
In base 4, what is 11 - 0?
11
In base 10, what is -81 - -7?
-74
In base 8, what is -14 - 6?
-22
In base 10, what is 316 - 0?
316
In base 16, what is -1f4 - -10?
-1e4
In base 4, what is 333 - 1?
332
In base 16, what is -1255 + -5?
-125a
In base 5, what is -3 - 203213?
-203221
In base 13, what is 2 - -40?
42
In base 16, what is 1 + -d5?
-d4
In base 9, what is 1423 + 5?
1428
In base 9, what is -3 - 141?
-144
In base 6, what is 331 + 4?
335
In base 7, what is 420 - 0?
420
In base 15, what is -67 - 1c?
-84
In base 5, what is 23 + 13002?
13030
In base 13, what is 19 - -5?
21
In base 5, what is 141102 - 0?
141102
In base 11, what is -5 + 157?
152
In base 3, what is 1110 + -1110?
0
In base 4, what is 113203 + 0?
113203
In base 13, what is 16 + 1a8?
1c1
In base 4, what is -10 + -322?
-332
In base 13, what is 49 + -4c?
-3
In base 9, what is 64 + -4?
60
In base 16, what is c2 - 2?
c0
In base 3, what is -122201 - 102?
-200010
In base 7, what is 12 - -225?
240
In base 2, what is -1 + -1001111?
-1010000
In base 10, what is 6017 - -3?
6020
In base 8, what is -2116 - 3?
-2121
In base 12, what is 17 + 0?
17
In base 12, what is 5 - -66?
6b
In base 4, what is 20011 - -1?
20012
In base 16, what is -a3 + 5?
-9e
In base 8, what is -5217 - -4?
-5213
In base 3, what is 2 - 102222?
-102220
In base 15, what is -1 - 1c?
-1d
In base 16, what is -4 + 25?
21
In base 14, what is -767 + 3?
-764
In base 5, what is -101 + -10?
-111
In base 3, what is -12 + -221222?
-222011
In base 8, what is 204 + -52?
132
In base 6, what is -5 + -214?
-223
In base 7, what is -10 + -41?
-51
In base 7, what is -10 + 1054?
1044
In base 3, what is -221 + 1112?
121
In base 9, what is 55 + 3?
58
In base 10, what is -4 - -11?
7
In base 13, what is 1 + -298c?
-298b
In base 9, what is -4 - 121?
-125
In base 11, what is 213 - -5?
218
In base 6, what is 3 + 4200?
4203
In base 6, what is -4154 + -2?
-4200
In base 2, what is 11 - 10111100?
-10111001
In base 12, what is -11 + 8a?
79
In base 5, what is 20 - -13?
33
In base 2, what is -1011 - -100100?
11001
In base 14, what is -19 + 2?
-17
In base 6, what is 20155 + 1?
20200
In base 8, what is 11 + -3?
6
In base 15, what is -b - 0?
-b
In base 9, what is -24 - 110?
-134
In base 4, what is -3330 - 302?
-10232
In base 14, what is 10 + 3?
13
In base 10, what is 11 + -1?
10
In base 15, what is -9a - -3?
-97
In base 13, what is -7c7 + 1?
-7c6
In base 14, what is -9493 - 2?
-9495
In base 11, what is 87 + -6?
81
In base 12, what is -12 + -9?
-1b
In base 12, what is -3 + 300?
2b9
In base 3, what is 0 - -200?
200
In base 3, what is -11002 + -11?
-11020
In base 10, what is 2 - -682?
684
In base 10, what is -4 - 85?
-89
In base 16, what is -1c0 - 0?
-1c0
In base 12, what is 14 + -a?
6
In base 10, what is -29 - 533?
-562
In base 15, what is -dce + 4?
-dca
In base 5, what is -111 + -3?
-114
In base 16, what is -1 + -2b3?
-2b4
In base 2, what is -11 - 1100?
-1111
In base 12, what is -4 + 47?
43
In base 11, what is 107 - 7?
100
In base 8, what is 1122 - -1?
1123
In base 5, what is 1 + 13012?
13013
In base 15, what is 1d01 - 0?
1d01
In base 4, what is -20 + -10010?
-10030
In base 7, what is 1 + 1541?
1542
In base 13, what is c79 + -1?
c78
In base 8, what is 1103 - -20?
1123
In base 15, what is -155 - 8?
-15d
In base 3, what is 200122 - -12?
200211
In base 10, what is 2 - -11?
13
In base 13, what is -2b + a?
-21
In base 7, what is 6 + -1163?
-1154
In base 14, what is -156 + 14?
-142
In base 12, what is 1 + 263?
264
In base 6, what is 1 + -124?
-123
In base 3, what is 11 + -11?
0
In base 6, what is -12000 - 1?
-12001
In base 14, what is 9 + c?
17
In base 11, what is 895 - 4?
891
In base 4, what is -11 - -2010?
1333
In base 12, what is 3 + b1b?
b22
In base 11, what is -2a5 - 1?
-2a6
In base 16, what is -2 + 2f?
2d
In base 8, what is 7 + -1234?
-1225
In base 16, what is 3 - -23a?
23d
In base 11, what is -14 - -15?
1
In base 2, what is 100 + -10111011?
-10110111
In base 8, what is 20 - -205?
225
In base 13, what is -1b00 + 1?
-1acc
In base 15, what is -62 - 10?
-72
In base 12, what is -16 - 5?
-1b
In base 11, what is 5 + 4334?
4339
In base 10, what is 5 - 18?
-13
In base 16, what is b5 + -31?
84
In base 15, what is 0 - -1ba?
1ba
In base 5, what is -1 + -223?
-224
In base 9, what is 4 + -2475?
-2471
In base 5, what is -201 + 12?
-134
In base 13, what is 5 - -58?
60
In base 13, what is 50c0 + 1?
50c1
In base 15, what is 50 - 1c?
33
In base 12, what is -2 + -1a?
-20
In base 6, what is 5 + 11332?
11341
In base 7, what is 3 - -20206?
20212
In base 7, what is 4 + 14?
21
In base 11, what is -1730 + 4?
-1727
In base 7, what is -21 - -1?
-20
In base 8, what is 10452 + 1?
10453
In base 12, what is 92a - 5?
925
In base 15, what is -176 - -3?
-173
In base 4, what is 2 - 2130?
-2122
In base 8, what is -313 - -3?
-310
In base 13, what is -66 - -4?
-62
In base 12, what is 4 - 2a09?
-2a05
In base 7, what is 5 + 13443?
13451
In base 16, what is 3 + -a3?
-a0
In base 5, what is 10 - 11?
-1
In base 16, what is -66 - 3?
-69
In base 16, what is a64 + 2?
a66
In base 3, what is -2 + 100020?
100011
In base 12, what is 1 - 28?
-27
In base 14, what is 0 - 9b?
-9b
In base 5, what is 11220 - 11?
11204
In base 4, what is 213120 + -1?
213113
In base 8, what is 1127 - -13?
1142
In base 9, what is -418 - 7?
-426
In base 3, what is -200 + -11122?
-12022
In base 7, what is -4131 - -2?
-4126
In base 4, what is -20 - 13032?
-13112
In base 15, what is 5 + 3b?
41
In base 6, what is 1140 - 4?
1132
In base 14, what is -6 - 2?
-8
In base 14, what is -4 + -27?
-2b
In base 8, what is 433 - -5?
440
In base 7, what is -231 + 133?
-65
In base 7, what is 1641 - -5?
1646
In base 7, what is -400 + 4?
-363
In base 12, what is 3a4 - -1?
3a5
In base 16, what is -6 - -c1?
bb
In base 4, what is -21 - -210?
123
In base 16, what is -bc + -1?
-bd
In base 14, what is 2 - 27a?
-278
In base 4, what is -2100 + -102?
-2202
In base 16, what is -4 + 2?
-2
In base 7, what is 2